 + 1 - 2*j - r. What is h(4)?
-4
Let m(k) = -k**2 - 5*k + 5. Suppose -5*y - 15 = 0, -a - 11*y = -14*y - 12. Suppose -28 = 3*c - 2*t, 0 = a*c + 3*t + 2*t + 14. Calculate m(c).
-19
Suppose 20 + 22 = -3*s. Let v be s/42 - 55/(-3). Let i(t) = 4 + 0 - 19*t**2 - 4*t + v*t**2. Calculate i(-4).
4
Let d(p) = 3*p**3 - 11*p**2 + 9*p + 8. Let u(i) = -i**3 - 1. Let k(x) = -d(x) - 2*u(x). Let y(c) = 147*c + 598. Let a be y(-4). What is k(a)?
4
Suppose -3 - 9 = 4*y. Let d(h) be the third derivative of 1/8*h**4 + 0*h + 0*h**3 - 86*h**2 + 0 + 1/120*h**6 + 1/12*h**5. Determine d(y).
9
Suppose 0 = -5*z + 5*y + 2605, -5*y + 335 = -3*z + 1908. Let x(c) = z - 516 + c. Let n = 36 + -40. Calculate x(n).
-4
Let t(a) be the second derivative of a**5/20 + a**4/4 - a**3/6 + 5*a**2/2 - 2*a. Let c(z) = 25*z - 154. Let g be c(6). Give t(g).
-7
Let q(b) = b**3 + 7*b**2 + 7*b + 1. Let x(l) = -5*l + 29. Let n be x(7). Let w be n/15 - (-584)/10. Let t = -64 + w. What is q(t)?
-5
Let g(w) = -97*w**2 - 10*w - 41. Let d(s) = -193*s**2 - 19*s - 75. Let l(o) = 6*d(o) - 11*g(o). Determine l(1).
-94
Let u(h) = h**2 - 18*h + 11. Suppose 0 = -47*v + 45*v + 34. Let a be u(v). Let k(l) = -l - 3. Let g be k(a). Let i(p) = -4*p + 4. Determine i(g).
-8
Let f = 56 + -51. Suppose -48 = 5*n - 58. Let m(r) = -7*r + n*r**2 + 3*r + 4*r**2 - 5*r**2 + 7. Determine m(f).
12
Let v(t) = -172*t - 302. Let g be v(-2). Let f(w) = -8*w + 336. What is f(g)?
0
Let o(h) = 5*h**3 + 338 + 12*h**2 - 337 - 13*h**2. Let g(z) = -z - 9. Let s be g(-12). Suppose -2*c = c - s. Give o(c).
5
Let l(c) = -2*c + 2. Let y be (-3 + (-162)/12)/((-1)/6). Let k = y + -100. Give l(k).
4
Let o(m) = 2*m**3 + 37*m**2 + 18*m + 7. Let n be o(-18). Let p(h) be the first derivative of h**2 - 5*h + 47. Give p(n).
9
Let z(u) = -4*u. Suppose -3*g + 8*g = 5, -5*y + 2*g = -48. Let q be 14/y - (-12)/20. Calculate z(q).
-8
Let l(b) = -8*b + 3. Let y be ((-434)/124)/(14/8). Calculate l(y).
19
Let w(x) = -3*x**3 - 20*x**2 - 2*x - 28. Let l(m) = 4*m**3 + 29*m**2 + 3*m + 42. Let p(d) = -5*l(d) - 7*w(d). Calculate p(6).
16
Let v(n) = 7*n**2 - 20*n + 2. Let r(s) = 5*s**2 - 14*s. Let w(f) = -4*r(f) + 3*v(f). Give w(4).
6
Let u(j) = -j - 17*j**2 + 0*j - j**3 + 2 + 0*j**3 - 14. Let g(o) = -34*o**2 - 98*o - 5. Let v be g(-3). What is u(v)?
5
Let i(m) = 11*m - 30. Let k = -69 - -72. Let u be i(k). Let s be (-1 - (-3 - -1))*(u - 1). Let t(r) = r**2 - 3*r + 3. Determine t(s).
1
Let q(g) = 4*g + 1. Suppose 5*o + 3*p + 5 = 3, 4*p - 24 = 0. Give q(o).
-15
Let j(s) = -s**3 + 4*s**2 + 5*s - 8. Suppose -11*c + 5*c + 18 = 0. Let p be j(c). Let u(a) = a - 8. Calculate u(p).
8
Let t = 138 + -128. Let n(f) = -5*f**2 - 15*f - 10. Let y(o) = -6*o**2 - 16*o - 11. Let a be 5/(130/4) - 456/(-78). Let b(g) = a*y(g) - 7*n(g). Give b(t).
-6
Let m(f) = -13*f**2 + 122*f - 7. Let j(y) = 38*y**2 - 347*y + 19. Let l(x) = 4*j(x) + 11*m(x). What is l(5)?
-6
Suppose -6*o = 35*o + 67*o + 864. Let j(m) = m - 51. What is j(o)?
-59
Let x(p) = p**2 - 25*p + 41. Let g(n) = -2*n**3 - 65*n**2 - 18*n + 472. Let z be g(-32). Determine x(z).
17
Let b(y) = -3*y + 3. Let h be b(4). Let g = h - -15. Let z(n) = -6 + 79*n - 23*n - 54*n. Determine z(g).
6
Let l(o) = -2*o**3 + 40*o**2 + 9*o - 178. Let j be l(20). Let z(g) = -13*g + 1. Calculate z(j).
-25
Let s(j) be the first derivative of -3*j**2/2 + 32*j + 611. Determine s(0).
32
Let m(w) = 4*w**3 - 4*w**2 + 9*w - 70. Let z(j) = -6*j**3 + 5*j**2 - 13*j + 99. Let d(x) = -7*m(x) - 5*z(x). Calculate d(4).
179
Let l(q) = -q**2 + 15*q - 1. Suppose u + 18 = 7*y, -2*u - 2*u + 2*y + 58 = 0. Calculate l(u).
-35
Let t(y) be the third derivative of -y**6/120 - y**5/12 - y**4/8 - 35*y**2 + 4. Give t(-4).
-4
Let c = 30872 - 30869. Let r(f) be the third derivative of 1/120*f**6 + 5*f**2 - 1/24*f**4 + 0 + 2/3*f**c + 0*f - 1/15*f**5. Give r(4).
0
Let c be (8/6)/((-38)/(-57)). Let g be (110/(-20) - -6)/((-1)/c). Let s(j) = -15*j**2 - j. Determine s(g).
-14
Let y(x) = x + 6. Let p be y(-6). Let i = p + 10. Let d be (i/8)/((-1)/(-4)). Let r(z) = 2*z + 1. Determine r(d).
11
Let y(r) = r**3 - 42*r**2 - 39*r - 170. Let q be y(43). Let g(d) = -24 + 5 + d + 13 + q. Calculate g(-3).
-7
Let o(i) be the second derivative of 2*i**2 - 8*i - 1/2*i**3 + 2. What is o(-5)?
19
Let m(a) = -a**2 - 4*a - 2. Suppose -z - 4*x - 26 = -0*z, -5*x - 40 = 5*z. Calculate m(z).
2
Let n(k) = -18*k + 15 + 41*k**2 + 43*k**2 - 149*k**2 + 66*k**2 + 6. Calculate n(15).
-24
Let l(r) = 7*r**2 - r + 2. Suppose 2*p = -5*q + 22, -51*q - 3*p + 10 = -55*q. Give l(q).
28
Let w(q) be the third derivative of 0*q + 1/120*q**6 + 0*q**5 + 59*q**2 + 0 + 1/12*q**4 - 1/2*q**3. Give w(2).
9
Let d(v) = -v**3 - 2*v**2 - 5*v - 3. Let t be d(-2). Let c be 7 - (-1)/(-6 + t). Let g(y) = -y**2 + 9*y - 2. Give g(c).
6
Let x(c) be the third derivative of c**7/2520 - c**6/720 - c**5/24 + 3*c**4/4 - c**3/3 - 226*c**2. Let l(h) be the second derivative of x(h). Calculate l(4).
7
Let k(b) = -8*b - 75. Let i be k(-10). Let a(y) = -3 - 2 + 10*y - y**2 - 2*y + 8*y. Let n(l) = -l**2 + 15*l - 5. Let f(w) = i*a(w) - 6*n(w). Calculate f(9).
-4
Let d(v) = 13*v + 16. Let j(s) = 23*s - 282. Let a be j(12). Calculate d(a).
-62
Let l = -25 + 44. Suppose 18 = -l*h - 39. Let o(r) = -3*r**2 - 5*r - 2. Calculate o(h).
-14
Let g(b) = -35*b + 64. Suppose -5*j - 2*n + 17 = 0, -2*j + 5 = -0*j - n. Determine g(j).
-41
Suppose -46*q - 24 = -40*q. Let u(c) be the third derivative of c**4/12 - c**3/2 + 14*c**2. What is u(q)?
-11
Let u(p) = -3*p - 2*p + 4*p. Let r(z) = 1. Let j(l) = -3*r(l) - 2*u(l). Suppose -367*y = -397*y + 90. Calculate j(y).
3
Suppose -24 = 4*j, 41 + 6 = -5*b - 2*j. Let q(m) = -m**2 - m. Let y(t) = -5*t**2 - 10*t - 2. Let g(x) = 4*q(x) - y(x). Give g(b).
9
Let p(f) = -5038 - 5011 + f + 10046. Give p(1).
-2
Suppose -2*d + 62 = 3*m + 2*m, 5*d + 7 = m. Let q be 3/m - 19/(-12)*3. Let n(f) = f**3 - 5*f**2 - f - 3. Give n(q).
-8
Let q(g) = -g**3 + 8*g**2 - 24*g + 67. Let b be q(6). Let y(n) = n**3 + 7*n**2 + 9*n - 1. What is y(b)?
4
Let k(a) be the third derivative of -a**7/5040 - a**6/180 - a**5/20 + 32*a**2 + 1. Let i(x) be the third derivative of k(x). Determine i(9).
-13
Let f be 5/(((-5)/(-18))/(3/9)). Suppose 5*o - o = -3*p + 6, -3*o + f = 3*p. Let m(a) = a**2 - 6. What is m(o)?
-6
Let w(u) = -14*u + 309. Let j(h) = -8*h + 165. Let n(o) = -9*j(o) + 5*w(o). What is n(-17)?
26
Suppose 0*j = -5*j + 15, 4*c + 5*j - 43 = 0. Let p = 17 - 10. Let n(y) = -c*y + 8*y + p - y**2 - 9*y - 12. Give n(-5).
10
Let v(q) = -q - 7. Let b(m) = 3*m + 5*m - 7*m + 3. Let t(o) = 1. Let y(d) = -b(d) - 4*t(d). Let p(w) = -2*v(w) + 3*y(w). What is p(-8)?
1
Let s(o) = -o**3 + 26*o**2 + o + 10. Let c = -7286 - -7312. Determine s(c).
36
Let s be -2 - (3 + -9 - -16). Let l be 6/4*(-8)/s + 5. Let m(g) = -g**2 + 8*g - 13. Determine m(l).
-1
Let v(o) be the first derivative of o**2/2 + 16*o + 168. What is v(12)?
28
Let t(p) = p**3 - 18*p**2 + 54*p + 40. Suppose -27 = -11*k + 26 + 101. Calculate t(k).
12
Let l be -2 + 25 + (-9)/3. Suppose 2*x + 21 = g, l = g + 3*g. Let u(q) = -2*q**2 - q + 1 - 6*q**2 + 22*q**3 - 23*q**3. Determine u(x).
9
Let n(v) = 2*v + 29. Let m be n(-10). Let i(z) = z**2 + 2*z. Let p(u) = 2*u**2 + 13*u + 12. Let a(f) = 3*i(f) - p(f). Determine a(m).
6
Let v(i) be the third derivative of i**5/60 - i**4/2 + 20*i**3/3 - 6*i**2 + 174. Calculate v(5).
5
Let o(h) be the second derivative of -h**5/20 + 7*h**4/3 - 13*h**3/3 - 11*h**2/2 + 4775*h. Calculate o(27).
16
Let x(c) = 31*c**3 + 7*c**2 + 8*c - 34. Let s(f) = -14*f**3 - 3*f**2 - 4*f + 16. Let h(j) = 13*s(j) + 6*x(j). Give h(2).
40
Let g be -11 + (-305)/(-30) - ((-52)/(-24) + -3). Let r(u) = -22*u - 5. Determine r(g).
-5
Let n(t) = -2*t**3 + 3*t**2 + 4*t - 2. Suppose 5*q - 3*s = 44, 2*q - s - 14 = 4. Let h be q/4*-1*(-8)/10. Suppose f = j - 4, -3*j + 6 = f - h. Determine n(j).
-17
Let m(s) be the first derivative of 3/8*s**4 + 4/3*s**3 + 1/60*s**5 + 12 + 4*s**2 + 0*s. Let w(f) be the second derivative of m(f). Calculate w(-8).
0
Let u(y) = 16*y + 166. Let v(z) = -10*z - 77. Let n(p) = 3*u(p) + 7*v(p). What is n(-3)?
25
Let n(r) = -r - 2. Suppose 16*t + 2*t = -900. Let v be t/15*6/(-4). What is n(v)?
-7
Let j(l) be the third derivative of 82*l**2 - 1/8*l**4 + 0 - 1/60*l**5 + 0*l + 1/3*l**3. Gi